{"id":191,"date":"2026-03-18T16:46:20","date_gmt":"2026-03-18T16:46:20","guid":{"rendered":"https:\/\/viajandoporsevilla.com\/?page_id=191"},"modified":"2026-03-25T12:30:24","modified_gmt":"2026-03-25T12:30:24","slug":"consigue-gratis-un-mapa-practico-de-sevilla-2","status":"publish","type":"page","link":"https:\/\/viajandoporsevilla.com\/index.php\/consigue-gratis-un-mapa-practico-de-sevilla-2\/","title":{"rendered":"Consigue gratis un pr\u00e1ctico mapa de Sevilla."},"content":{"rendered":"<div class=\"wp-block-image\">\n<figure class=\"aligncenter size-full\"><img loading=\"lazy\" decoding=\"async\" width=\"345\" height=\"216\" src=\"https:\/\/viajandoporsevilla.com\/wp-content\/uploads\/2026\/03\/image-1.png\" alt=\"\" class=\"wp-image-184\" srcset=\"https:\/\/viajandoporsevilla.com\/wp-content\/uploads\/2026\/03\/image-1.png 345w, https:\/\/viajandoporsevilla.com\/wp-content\/uploads\/2026\/03\/image-1-300x188.png 300w\" sizes=\"auto, (max-width: 345px) 100vw, 345px\" \/><\/figure>\n<\/div>\n\n\n<p>Si quieres conseguir un mapa pr\u00e1ctico de Sevilla, con las principales localizaciones de la ciudad con los monumentos imprescindibles, los barrios hist\u00f3ricos, las iglesias y patrimonio religioso, adem\u00e1s de plazas y lugares emblem\u00e1ticos y muchos otros lugares m\u00e1s de inter\u00e9s, \u00fanicamente tienes que rellenar el siguiente formulario, y lo recibir\u00e1s autom\u00e1ticamente en tu correo electr\u00f3nico.<\/p>\n\n\n\n<iframe loading=\"lazy\" width=\"800\" height=\"1000\" src=\"https:\/\/a3999d0a.sibforms.com\/serve\/MUIFALZEBm0Zi4bM-kTRMTqBDSbbfTyaCKc-E_ynSEEfHwHctX0d8nMo_6gbRjalM_9sQavORLTZlmboXagMu4RQRlZ00YWpslH4z3XKXbjEXkcV36HhIg9Veww-7wBcOmk6S8wXOCtvoNl3xnyFymMQ5pCE0XXpdHyJ2lan3TDJFJ-B3JWl3qVOWTwFTF72Jjr8FL97QANnLkDqxg==\" frameborder=\"0\" scrolling=\"auto\" allowfullscreen style=\"display: block;margin-left: auto;margin-right: auto;max-width: 100%;\"><\/iframe>\n\n\n\n<p><\/p>\n","protected":false},"excerpt":{"rendered":"<p>Si quieres conseguir un mapa pr\u00e1ctico de Sevilla, con las&hellip;<\/p>","protected":false},"author":1,"featured_media":0,"parent":0,"menu_order":0,"comment_status":"closed","ping_status":"closed","template":"","meta":{"footnotes":""},"class_list":["post-191","page","type-page","status-publish","hentry"],"yoast_head":"<!-- This site is optimized with the Yoast SEO plugin v27.3 - https:\/\/yoast.com\/product\/yoast-seo-wordpress\/ -->\n<title>Consigue gratis un pr\u00e1ctico mapa de Sevilla. - ViajandoPorSevilla.com - La mejor gu\u00eda de Sevilla online<\/title>\n<meta name=\"robots\" content=\"index, follow, max-snippet:-1, max-image-preview:large, max-video-preview:-1\" \/>\n<link rel=\"canonical\" href=\"https:\/\/viajandoporsevilla.com\/index.php\/consigue-gratis-un-mapa-practico-de-sevilla-2\/\" \/>\n<meta property=\"og:locale\" content=\"es_ES\" \/>\n<meta property=\"og:type\" content=\"article\" \/>\n<meta property=\"og:title\" content=\"Consigue gratis un pr\u00e1ctico mapa de Sevilla. - ViajandoPorSevilla.com - La mejor gu\u00eda de Sevilla online\" \/>\n<meta property=\"og:description\" content=\"Si quieres conseguir un mapa pr\u00e1ctico de Sevilla, con las&hellip;\" \/>\n<meta property=\"og:url\" content=\"https:\/\/viajandoporsevilla.com\/index.php\/consigue-gratis-un-mapa-practico-de-sevilla-2\/\" \/>\n<meta property=\"og:site_name\" content=\"ViajandoPorSevilla.com - La mejor gu\u00eda de Sevilla online\" \/>\n<meta property=\"article:modified_time\" content=\"2026-03-25T12:30:24+00:00\" \/>\n<meta property=\"og:image\" content=\"https:\/\/viajandoporsevilla.com\/wp-content\/uploads\/2026\/03\/image-1.png\" \/>\n\t<meta property=\"og:image:width\" content=\"345\" \/>\n\t<meta property=\"og:image:height\" content=\"216\" \/>\n\t<meta property=\"og:image:type\" content=\"image\/png\" \/>\n<meta name=\"twitter:card\" content=\"summary_large_image\" \/>\n<meta name=\"twitter:label1\" content=\"Tiempo de lectura\" \/>\n\t<meta name=\"twitter:data1\" content=\"1 minuto\" \/>\n<script type=\"application\/ld+json\" class=\"yoast-schema-graph\">{\"@context\":\"https:\\\/\\\/schema.org\",\"@graph\":[{\"@type\":\"WebPage\",\"@id\":\"https:\\\/\\\/viajandoporsevilla.com\\\/index.php\\\/consigue-gratis-un-mapa-practico-de-sevilla-2\\\/\",\"url\":\"https:\\\/\\\/viajandoporsevilla.com\\\/index.php\\\/consigue-gratis-un-mapa-practico-de-sevilla-2\\\/\",\"name\":\"Consigue gratis un pr\u00e1ctico mapa de Sevilla. - ViajandoPorSevilla.com - La mejor gu\u00eda de Sevilla online\",\"isPartOf\":{\"@id\":\"https:\\\/\\\/viajandoporsevilla.com\\\/#website\"},\"primaryImageOfPage\":{\"@id\":\"https:\\\/\\\/viajandoporsevilla.com\\\/index.php\\\/consigue-gratis-un-mapa-practico-de-sevilla-2\\\/#primaryimage\"},\"image\":{\"@id\":\"https:\\\/\\\/viajandoporsevilla.com\\\/index.php\\\/consigue-gratis-un-mapa-practico-de-sevilla-2\\\/#primaryimage\"},\"thumbnailUrl\":\"https:\\\/\\\/viajandoporsevilla.com\\\/wp-content\\\/uploads\\\/2026\\\/03\\\/image-1.png\",\"datePublished\":\"2026-03-18T16:46:20+00:00\",\"dateModified\":\"2026-03-25T12:30:24+00:00\",\"breadcrumb\":{\"@id\":\"https:\\\/\\\/viajandoporsevilla.com\\\/index.php\\\/consigue-gratis-un-mapa-practico-de-sevilla-2\\\/#breadcrumb\"},\"inLanguage\":\"es\",\"potentialAction\":[{\"@type\":\"ReadAction\",\"target\":[\"https:\\\/\\\/viajandoporsevilla.com\\\/index.php\\\/consigue-gratis-un-mapa-practico-de-sevilla-2\\\/\"]}]},{\"@type\":\"ImageObject\",\"inLanguage\":\"es\",\"@id\":\"https:\\\/\\\/viajandoporsevilla.com\\\/index.php\\\/consigue-gratis-un-mapa-practico-de-sevilla-2\\\/#primaryimage\",\"url\":\"https:\\\/\\\/viajandoporsevilla.com\\\/wp-content\\\/uploads\\\/2026\\\/03\\\/image-1.png\",\"contentUrl\":\"https:\\\/\\\/viajandoporsevilla.com\\\/wp-content\\\/uploads\\\/2026\\\/03\\\/image-1.png\",\"width\":345,\"height\":216},{\"@type\":\"BreadcrumbList\",\"@id\":\"https:\\\/\\\/viajandoporsevilla.com\\\/index.php\\\/consigue-gratis-un-mapa-practico-de-sevilla-2\\\/#breadcrumb\",\"itemListElement\":[{\"@type\":\"ListItem\",\"position\":1,\"name\":\"Portada\",\"item\":\"https:\\\/\\\/viajandoporsevilla.com\\\/\"},{\"@type\":\"ListItem\",\"position\":2,\"name\":\"Consigue gratis un pr\u00e1ctico mapa de Sevilla.\"}]},{\"@type\":\"WebSite\",\"@id\":\"https:\\\/\\\/viajandoporsevilla.com\\\/#website\",\"url\":\"https:\\\/\\\/viajandoporsevilla.com\\\/\",\"name\":\"ViajandoPorSevilla.com - La mejor gu\u00eda de Sevilla online\",\"description\":\"\",\"publisher\":{\"@id\":\"https:\\\/\\\/viajandoporsevilla.com\\\/#organization\"},\"potentialAction\":[{\"@type\":\"SearchAction\",\"target\":{\"@type\":\"EntryPoint\",\"urlTemplate\":\"https:\\\/\\\/viajandoporsevilla.com\\\/?s={search_term_string}\"},\"query-input\":{\"@type\":\"PropertyValueSpecification\",\"valueRequired\":true,\"valueName\":\"search_term_string\"}}],\"inLanguage\":\"es\"},{\"@type\":\"Organization\",\"@id\":\"https:\\\/\\\/viajandoporsevilla.com\\\/#organization\",\"name\":\"ViajandoPorSevilla.com - La mejor gu\u00eda de Sevilla online\",\"url\":\"https:\\\/\\\/viajandoporsevilla.com\\\/\",\"logo\":{\"@type\":\"ImageObject\",\"inLanguage\":\"es\",\"@id\":\"https:\\\/\\\/viajandoporsevilla.com\\\/#\\\/schema\\\/logo\\\/image\\\/\",\"url\":\"https:\\\/\\\/viajandoporsevilla.com\\\/wp-content\\\/uploads\\\/2026\\\/02\\\/logo-viajandoporsevilla-1.jpg\",\"contentUrl\":\"https:\\\/\\\/viajandoporsevilla.com\\\/wp-content\\\/uploads\\\/2026\\\/02\\\/logo-viajandoporsevilla-1.jpg\",\"width\":300,\"height\":93,\"caption\":\"ViajandoPorSevilla.com - La mejor gu\u00eda de Sevilla online\"},\"image\":{\"@id\":\"https:\\\/\\\/viajandoporsevilla.com\\\/#\\\/schema\\\/logo\\\/image\\\/\"}}]}<\/script>\n<!-- \/ Yoast SEO plugin. -->","yoast_head_json":{"title":"Consigue gratis un pr\u00e1ctico mapa de Sevilla. - ViajandoPorSevilla.com - La mejor gu\u00eda de Sevilla online","robots":{"index":"index","follow":"follow","max-snippet":"max-snippet:-1","max-image-preview":"max-image-preview:large","max-video-preview":"max-video-preview:-1"},"canonical":"https:\/\/viajandoporsevilla.com\/index.php\/consigue-gratis-un-mapa-practico-de-sevilla-2\/","og_locale":"es_ES","og_type":"article","og_title":"Consigue gratis un pr\u00e1ctico mapa de Sevilla. - ViajandoPorSevilla.com - La mejor gu\u00eda de Sevilla online","og_description":"Si quieres conseguir un mapa pr\u00e1ctico de Sevilla, con las&hellip;","og_url":"https:\/\/viajandoporsevilla.com\/index.php\/consigue-gratis-un-mapa-practico-de-sevilla-2\/","og_site_name":"ViajandoPorSevilla.com - La mejor gu\u00eda de Sevilla online","article_modified_time":"2026-03-25T12:30:24+00:00","og_image":[{"width":345,"height":216,"url":"https:\/\/viajandoporsevilla.com\/wp-content\/uploads\/2026\/03\/image-1.png","type":"image\/png"}],"twitter_card":"summary_large_image","twitter_misc":{"Tiempo de lectura":"1 minuto"},"schema":{"@context":"https:\/\/schema.org","@graph":[{"@type":"WebPage","@id":"https:\/\/viajandoporsevilla.com\/index.php\/consigue-gratis-un-mapa-practico-de-sevilla-2\/","url":"https:\/\/viajandoporsevilla.com\/index.php\/consigue-gratis-un-mapa-practico-de-sevilla-2\/","name":"Consigue gratis un pr\u00e1ctico mapa de Sevilla. - ViajandoPorSevilla.com - La mejor gu\u00eda de Sevilla online","isPartOf":{"@id":"https:\/\/viajandoporsevilla.com\/#website"},"primaryImageOfPage":{"@id":"https:\/\/viajandoporsevilla.com\/index.php\/consigue-gratis-un-mapa-practico-de-sevilla-2\/#primaryimage"},"image":{"@id":"https:\/\/viajandoporsevilla.com\/index.php\/consigue-gratis-un-mapa-practico-de-sevilla-2\/#primaryimage"},"thumbnailUrl":"https:\/\/viajandoporsevilla.com\/wp-content\/uploads\/2026\/03\/image-1.png","datePublished":"2026-03-18T16:46:20+00:00","dateModified":"2026-03-25T12:30:24+00:00","breadcrumb":{"@id":"https:\/\/viajandoporsevilla.com\/index.php\/consigue-gratis-un-mapa-practico-de-sevilla-2\/#breadcrumb"},"inLanguage":"es","potentialAction":[{"@type":"ReadAction","target":["https:\/\/viajandoporsevilla.com\/index.php\/consigue-gratis-un-mapa-practico-de-sevilla-2\/"]}]},{"@type":"ImageObject","inLanguage":"es","@id":"https:\/\/viajandoporsevilla.com\/index.php\/consigue-gratis-un-mapa-practico-de-sevilla-2\/#primaryimage","url":"https:\/\/viajandoporsevilla.com\/wp-content\/uploads\/2026\/03\/image-1.png","contentUrl":"https:\/\/viajandoporsevilla.com\/wp-content\/uploads\/2026\/03\/image-1.png","width":345,"height":216},{"@type":"BreadcrumbList","@id":"https:\/\/viajandoporsevilla.com\/index.php\/consigue-gratis-un-mapa-practico-de-sevilla-2\/#breadcrumb","itemListElement":[{"@type":"ListItem","position":1,"name":"Portada","item":"https:\/\/viajandoporsevilla.com\/"},{"@type":"ListItem","position":2,"name":"Consigue gratis un pr\u00e1ctico mapa de Sevilla."}]},{"@type":"WebSite","@id":"https:\/\/viajandoporsevilla.com\/#website","url":"https:\/\/viajandoporsevilla.com\/","name":"ViajandoPorSevilla.com - La mejor gu\u00eda de Sevilla online","description":"","publisher":{"@id":"https:\/\/viajandoporsevilla.com\/#organization"},"potentialAction":[{"@type":"SearchAction","target":{"@type":"EntryPoint","urlTemplate":"https:\/\/viajandoporsevilla.com\/?s={search_term_string}"},"query-input":{"@type":"PropertyValueSpecification","valueRequired":true,"valueName":"search_term_string"}}],"inLanguage":"es"},{"@type":"Organization","@id":"https:\/\/viajandoporsevilla.com\/#organization","name":"ViajandoPorSevilla.com - La mejor gu\u00eda de Sevilla online","url":"https:\/\/viajandoporsevilla.com\/","logo":{"@type":"ImageObject","inLanguage":"es","@id":"https:\/\/viajandoporsevilla.com\/#\/schema\/logo\/image\/","url":"https:\/\/viajandoporsevilla.com\/wp-content\/uploads\/2026\/02\/logo-viajandoporsevilla-1.jpg","contentUrl":"https:\/\/viajandoporsevilla.com\/wp-content\/uploads\/2026\/02\/logo-viajandoporsevilla-1.jpg","width":300,"height":93,"caption":"ViajandoPorSevilla.com - La mejor gu\u00eda de Sevilla online"},"image":{"@id":"https:\/\/viajandoporsevilla.com\/#\/schema\/logo\/image\/"}}]}},"_links":{"self":[{"href":"https:\/\/viajandoporsevilla.com\/index.php\/wp-json\/wp\/v2\/pages\/191","targetHints":{"allow":["GET"]}}],"collection":[{"href":"https:\/\/viajandoporsevilla.com\/index.php\/wp-json\/wp\/v2\/pages"}],"about":[{"href":"https:\/\/viajandoporsevilla.com\/index.php\/wp-json\/wp\/v2\/types\/page"}],"author":[{"embeddable":true,"href":"https:\/\/viajandoporsevilla.com\/index.php\/wp-json\/wp\/v2\/users\/1"}],"replies":[{"embeddable":true,"href":"https:\/\/viajandoporsevilla.com\/index.php\/wp-json\/wp\/v2\/comments?post=191"}],"version-history":[{"count":6,"href":"https:\/\/viajandoporsevilla.com\/index.php\/wp-json\/wp\/v2\/pages\/191\/revisions"}],"predecessor-version":[{"id":210,"href":"https:\/\/viajandoporsevilla.com\/index.php\/wp-json\/wp\/v2\/pages\/191\/revisions\/210"}],"wp:attachment":[{"href":"https:\/\/viajandoporsevilla.com\/index.php\/wp-json\/wp\/v2\/media?parent=191"}],"curies":[{"name":"wp","href":"https:\/\/api.w.org\/{rel}","templated":true}]}}